{"id":19,"date":"2024-06-03T11:46:36","date_gmt":"2024-06-03T11:46:36","guid":{"rendered":"https:\/\/revlim.3310street.com\/?page_id=19"},"modified":"2024-07-03T12:09:39","modified_gmt":"2024-07-03T12:09:39","slug":"qui-sommes-nous","status":"publish","type":"page","link":"https:\/\/revlim.fr\/?page_id=19","title":{"rendered":"Qui sommes-nous ?"},"content":{"rendered":"\t\t<div data-elementor-type=\"wp-page\" data-elementor-id=\"19\" class=\"elementor elementor-19\" data-elementor-settings=\"{&quot;ha_cmc_init_switcher&quot;:&quot;no&quot;}\" data-elementor-post-type=\"page\">\n\t\t\t\t\t\t<section class=\"elementor-section elementor-top-section elementor-element elementor-element-e049c4c elementor-section-boxed elementor-section-height-default elementor-section-height-default\" data-id=\"e049c4c\" data-element_type=\"section\" data-e-type=\"section\" data-settings=\"{&quot;_ha_eqh_enable&quot;:false}\">\n\t\t\t\t\t\t<div class=\"elementor-container elementor-column-gap-default\">\n\t\t\t\t\t<div class=\"elementor-column elementor-col-100 elementor-top-column elementor-element elementor-element-c14700d\" data-id=\"c14700d\" data-element_type=\"column\" data-e-type=\"column\">\n\t\t\t<div class=\"elementor-widget-wrap elementor-element-populated\">\n\t\t\t\t\t\t<section class=\"elementor-section elementor-inner-section elementor-element elementor-element-8993cda elementor-section-boxed elementor-section-height-default elementor-section-height-default\" data-id=\"8993cda\" data-element_type=\"section\" data-e-type=\"section\" data-settings=\"{&quot;_ha_eqh_enable&quot;:false}\">\n\t\t\t\t\t\t<div class=\"elementor-container elementor-column-gap-default\">\n\t\t\t\t\t<div class=\"elementor-column elementor-col-50 elementor-inner-column elementor-element elementor-element-338afb2\" data-id=\"338afb2\" data-element_type=\"column\" data-e-type=\"column\">\n\t\t\t<div class=\"elementor-widget-wrap elementor-element-populated\">\n\t\t\t\t\t\t<div class=\"elementor-element elementor-element-f1f0c1a elementor-widget elementor-widget-heading\" data-id=\"f1f0c1a\" data-element_type=\"widget\" data-e-type=\"widget\" data-widget_type=\"heading.default\">\n\t\t\t\t<div class=\"elementor-widget-container\">\n\t\t\t\t\t<h1 class=\"elementor-heading-title elementor-size-default\">Qui sommes-nous ?<\/h1>\t\t\t\t<\/div>\n\t\t\t\t<\/div>\n\t\t\t\t<div class=\"elementor-element elementor-element-c889096 elementor-hidden-tablet elementor-hidden-mobile elementor-widget elementor-widget-spacer\" data-id=\"c889096\" data-element_type=\"widget\" data-e-type=\"widget\" data-widget_type=\"spacer.default\">\n\t\t\t\t<div class=\"elementor-widget-container\">\n\t\t\t\t\t\t\t<div class=\"elementor-spacer\">\n\t\t\t<div class=\"elementor-spacer-inner\"><\/div>\n\t\t<\/div>\n\t\t\t\t\t\t<\/div>\n\t\t\t\t<\/div>\n\t\t\t\t<div class=\"elementor-element elementor-element-04371fa elementor-widget elementor-widget-text-editor\" data-id=\"04371fa\" data-element_type=\"widget\" data-e-type=\"widget\" data-widget_type=\"text-editor.default\">\n\t\t\t\t<div class=\"elementor-widget-container\">\n\t\t\t\t\t\t\t\t\t<p>Implant\u00e9e \u00e0 Limoges, notre entreprise est n\u00e9e des avanc\u00e9es de laboratoires de recherche en physiologie et cognition. Pionniers dans le domaine de la pr\u00e9vention du d\u00e9clin cognitif, nous avons mis au point des solutions innovantes, alliant activit\u00e9 physique et stimulation cognitive.<\/p><p>Notre mission est de promouvoir le mieux vieillir en offrant des outils et des th\u00e9rapies non-m\u00e9dicamenteuses qui am\u00e9liorent la qualit\u00e9 de vie. Gr\u00e2ce \u00e0 des dispositifs uniques tels que notre V\u00e9lo-Cognitif\u00ae, nous \u0153uvrons pour pr\u00e9venir la perte d\u2019autonomie, maintenir les capacit\u00e9s physiques et mentales, et favoriser le bien-\u00eatre psychologique.<\/p><p>D\u00e9couvrez notre histoire, nos valeurs, et l\u2019\u00e9quipe passionn\u00e9e qui \u0153uvre chaque jour pour apporter des solutions efficaces et accessibles \u00e0 tous.<\/p>\t\t\t\t\t\t\t\t<\/div>\n\t\t\t\t<\/div>\n\t\t\t\t\t<\/div>\n\t\t<\/div>\n\t\t\t\t<div class=\"elementor-column elementor-col-50 elementor-inner-column elementor-element elementor-element-c9a8190\" data-id=\"c9a8190\" data-element_type=\"column\" data-e-type=\"column\">\n\t\t\t<div class=\"elementor-widget-wrap elementor-element-populated\">\n\t\t\t\t\t\t<div class=\"elementor-element elementor-element-8c58c1d elementor-widget elementor-widget-image\" data-id=\"8c58c1d\" data-element_type=\"widget\" data-e-type=\"widget\" data-widget_type=\"image.default\">\n\t\t\t\t<div class=\"elementor-widget-container\">\n\t\t\t\t\t\t\t\t\t\t\t\t\t\t\t<img fetchpriority=\"high\" decoding=\"async\" width=\"4183\" height=\"4812\" src=\"https:\/\/revlim.fr\/wp-content\/uploads\/2024\/06\/Qui-sommes-nous-.png\" class=\"attachment-full size-full wp-image-737\" alt=\"\" srcset=\"https:\/\/revlim.fr\/wp-content\/uploads\/2024\/06\/Qui-sommes-nous-.png 4183w, https:\/\/revlim.fr\/wp-content\/uploads\/2024\/06\/Qui-sommes-nous--261x300.png 261w, https:\/\/revlim.fr\/wp-content\/uploads\/2024\/06\/Qui-sommes-nous--890x1024.png 890w, https:\/\/revlim.fr\/wp-content\/uploads\/2024\/06\/Qui-sommes-nous--768x883.png 768w, https:\/\/revlim.fr\/wp-content\/uploads\/2024\/06\/Qui-sommes-nous--1335x1536.png 1335w, https:\/\/revlim.fr\/wp-content\/uploads\/2024\/06\/Qui-sommes-nous--1780x2048.png 1780w\" sizes=\"(max-width: 4183px) 100vw, 4183px\" \/>\t\t\t\t\t\t\t\t\t\t\t\t\t\t\t<\/div>\n\t\t\t\t<\/div>\n\t\t\t\t<div class=\"elementor-element elementor-element-12bbbf6 elementor-hidden-desktop elementor-widget elementor-widget-spacer\" data-id=\"12bbbf6\" data-element_type=\"widget\" data-e-type=\"widget\" data-widget_type=\"spacer.default\">\n\t\t\t\t<div class=\"elementor-widget-container\">\n\t\t\t\t\t\t\t<div class=\"elementor-spacer\">\n\t\t\t<div class=\"elementor-spacer-inner\"><\/div>\n\t\t<\/div>\n\t\t\t\t\t\t<\/div>\n\t\t\t\t<\/div>\n\t\t\t\t\t<\/div>\n\t\t<\/div>\n\t\t\t\t\t<\/div>\n\t\t<\/section>\n\t\t\t\t\t<\/div>\n\t\t<\/div>\n\t\t\t\t\t<\/div>\n\t\t<\/section>\n\t\t\t\t<section class=\"elementor-section elementor-top-section elementor-element elementor-element-e6a0bb0 elementor-section-boxed elementor-section-height-default elementor-section-height-default\" data-id=\"e6a0bb0\" data-element_type=\"section\" data-e-type=\"section\" data-settings=\"{&quot;_ha_eqh_enable&quot;:false}\">\n\t\t\t\t\t\t<div class=\"elementor-container elementor-column-gap-default\">\n\t\t\t\t\t<div class=\"elementor-column elementor-col-100 elementor-top-column elementor-element elementor-element-1154fa8\" data-id=\"1154fa8\" data-element_type=\"column\" data-e-type=\"column\">\n\t\t\t<div class=\"elementor-widget-wrap elementor-element-populated\">\n\t\t\t\t\t\t<section class=\"elementor-section elementor-inner-section elementor-element elementor-element-ca3d1b1 elementor-section-full_width elementor-section-height-default elementor-section-height-default\" data-id=\"ca3d1b1\" data-element_type=\"section\" data-e-type=\"section\" data-settings=\"{&quot;_ha_eqh_enable&quot;:false}\">\n\t\t\t\t\t\t<div class=\"elementor-container elementor-column-gap-default\">\n\t\t\t\t\t<div class=\"elementor-column elementor-col-25 elementor-inner-column elementor-element elementor-element-649933c\" data-id=\"649933c\" data-element_type=\"column\" data-e-type=\"column\">\n\t\t\t<div class=\"elementor-widget-wrap elementor-element-populated\">\n\t\t\t\t\t\t<div class=\"elementor-element elementor-element-7956e69 elementor-widget elementor-widget-image\" data-id=\"7956e69\" data-element_type=\"widget\" data-e-type=\"widget\" data-widget_type=\"image.default\">\n\t\t\t\t<div class=\"elementor-widget-container\">\n\t\t\t\t\t\t\t\t\t\t\t\t\t\t\t<img decoding=\"async\" width=\"1279\" height=\"1185\" src=\"https:\/\/revlim.fr\/wp-content\/uploads\/2024\/06\/Fichier-8Logooo.jpg\" class=\"attachment-full size-full wp-image-2449\" alt=\"\" srcset=\"https:\/\/revlim.fr\/wp-content\/uploads\/2024\/06\/Fichier-8Logooo.jpg 1279w, https:\/\/revlim.fr\/wp-content\/uploads\/2024\/06\/Fichier-8Logooo-300x278.jpg 300w, https:\/\/revlim.fr\/wp-content\/uploads\/2024\/06\/Fichier-8Logooo-1024x949.jpg 1024w, https:\/\/revlim.fr\/wp-content\/uploads\/2024\/06\/Fichier-8Logooo-768x712.jpg 768w\" sizes=\"(max-width: 1279px) 100vw, 1279px\" \/>\t\t\t\t\t\t\t\t\t\t\t\t\t\t\t<\/div>\n\t\t\t\t<\/div>\n\t\t\t\t\t<\/div>\n\t\t<\/div>\n\t\t\t\t<div class=\"elementor-column elementor-col-25 elementor-inner-column elementor-element elementor-element-5ff0092\" data-id=\"5ff0092\" data-element_type=\"column\" data-e-type=\"column\">\n\t\t\t<div class=\"elementor-widget-wrap elementor-element-populated\">\n\t\t\t\t\t\t<div class=\"elementor-element elementor-element-54f01f4 elementor-widget elementor-widget-image\" data-id=\"54f01f4\" data-element_type=\"widget\" data-e-type=\"widget\" data-widget_type=\"image.default\">\n\t\t\t\t<div class=\"elementor-widget-container\">\n\t\t\t\t\t\t\t\t\t\t\t\t\t\t\t<img decoding=\"async\" width=\"1278\" height=\"1185\" src=\"https:\/\/revlim.fr\/wp-content\/uploads\/2024\/06\/Fichier-7Logooo.jpg\" class=\"attachment-full size-full wp-image-2450\" alt=\"\" srcset=\"https:\/\/revlim.fr\/wp-content\/uploads\/2024\/06\/Fichier-7Logooo.jpg 1278w, https:\/\/revlim.fr\/wp-content\/uploads\/2024\/06\/Fichier-7Logooo-300x278.jpg 300w, https:\/\/revlim.fr\/wp-content\/uploads\/2024\/06\/Fichier-7Logooo-1024x949.jpg 1024w, https:\/\/revlim.fr\/wp-content\/uploads\/2024\/06\/Fichier-7Logooo-768x712.jpg 768w\" sizes=\"(max-width: 1278px) 100vw, 1278px\" \/>\t\t\t\t\t\t\t\t\t\t\t\t\t\t\t<\/div>\n\t\t\t\t<\/div>\n\t\t\t\t\t<\/div>\n\t\t<\/div>\n\t\t\t\t<div class=\"elementor-column elementor-col-25 elementor-inner-column elementor-element elementor-element-4506915\" data-id=\"4506915\" data-element_type=\"column\" data-e-type=\"column\">\n\t\t\t<div class=\"elementor-widget-wrap elementor-element-populated\">\n\t\t\t\t\t\t<div class=\"elementor-element elementor-element-c7bc431 elementor-widget elementor-widget-image\" data-id=\"c7bc431\" data-element_type=\"widget\" data-e-type=\"widget\" data-widget_type=\"image.default\">\n\t\t\t\t<div class=\"elementor-widget-container\">\n\t\t\t\t\t\t\t\t\t\t\t\t\t\t\t<img loading=\"lazy\" decoding=\"async\" width=\"1278\" height=\"1185\" src=\"https:\/\/revlim.fr\/wp-content\/uploads\/2024\/06\/Fichier-15-100.jpg\" class=\"attachment-full size-full wp-image-3123\" alt=\"\" srcset=\"https:\/\/revlim.fr\/wp-content\/uploads\/2024\/06\/Fichier-15-100.jpg 1278w, https:\/\/revlim.fr\/wp-content\/uploads\/2024\/06\/Fichier-15-100-300x278.jpg 300w, https:\/\/revlim.fr\/wp-content\/uploads\/2024\/06\/Fichier-15-100-1024x949.jpg 1024w, https:\/\/revlim.fr\/wp-content\/uploads\/2024\/06\/Fichier-15-100-768x712.jpg 768w\" sizes=\"(max-width: 1278px) 100vw, 1278px\" \/>\t\t\t\t\t\t\t\t\t\t\t\t\t\t\t<\/div>\n\t\t\t\t<\/div>\n\t\t\t\t\t<\/div>\n\t\t<\/div>\n\t\t\t\t<div class=\"elementor-column elementor-col-25 elementor-inner-column elementor-element elementor-element-842ea83\" data-id=\"842ea83\" data-element_type=\"column\" data-e-type=\"column\">\n\t\t\t<div class=\"elementor-widget-wrap elementor-element-populated\">\n\t\t\t\t\t\t<div class=\"elementor-element elementor-element-64586a0 elementor-widget elementor-widget-image\" data-id=\"64586a0\" data-element_type=\"widget\" data-e-type=\"widget\" data-widget_type=\"image.default\">\n\t\t\t\t<div class=\"elementor-widget-container\">\n\t\t\t\t\t\t\t\t\t\t\t\t\t\t\t<img loading=\"lazy\" decoding=\"async\" width=\"1278\" height=\"1184\" src=\"https:\/\/revlim.fr\/wp-content\/uploads\/2024\/07\/Fichier-20Logoooo.jpg\" class=\"attachment-full size-full wp-image-3534\" alt=\"\" srcset=\"https:\/\/revlim.fr\/wp-content\/uploads\/2024\/07\/Fichier-20Logoooo.jpg 1278w, https:\/\/revlim.fr\/wp-content\/uploads\/2024\/07\/Fichier-20Logoooo-300x278.jpg 300w, https:\/\/revlim.fr\/wp-content\/uploads\/2024\/07\/Fichier-20Logoooo-1024x949.jpg 1024w, https:\/\/revlim.fr\/wp-content\/uploads\/2024\/07\/Fichier-20Logoooo-768x712.jpg 768w\" sizes=\"(max-width: 1278px) 100vw, 1278px\" \/>\t\t\t\t\t\t\t\t\t\t\t\t\t\t\t<\/div>\n\t\t\t\t<\/div>\n\t\t\t\t\t<\/div>\n\t\t<\/div>\n\t\t\t\t\t<\/div>\n\t\t<\/section>\n\t\t\t\t<div class=\"elementor-element elementor-element-6beb19d elementor-widget elementor-widget-spacer\" data-id=\"6beb19d\" data-element_type=\"widget\" data-e-type=\"widget\" data-widget_type=\"spacer.default\">\n\t\t\t\t<div class=\"elementor-widget-container\">\n\t\t\t\t\t\t\t<div class=\"elementor-spacer\">\n\t\t\t<div class=\"elementor-spacer-inner\"><\/div>\n\t\t<\/div>\n\t\t\t\t\t\t<\/div>\n\t\t\t\t<\/div>\n\t\t\t\t<div class=\"elementor-element elementor-element-f052ed8 ha-timeline-icon-box-vertical-align-center ha-timeline-align-center elementor-widget elementor-widget-ha-timeline happy-addon ha-timeline happy-addon-pro\" data-id=\"f052ed8\" data-element_type=\"widget\" data-e-type=\"widget\" data-widget_type=\"ha-timeline.default\">\n\t\t\t\t<div class=\"elementor-widget-container\">\n\t\t\t\t\t\t\t<div class=\"ha-timeline-wrap\" data-scroll=\"yes\">\n\t\t\t\t\t\t\t\t\t\t<div class=\"ha-timeline-block elementor-repeater-item-e2ff779\">\n\t\t\t\t\t<div class=\"ha-timeline-icon-box align-center\">\n\t\t\t\t\t\t<div class=\"ha-timeline-icon\">\n\t\t\t\t\t\t\t\t\t\t\t\t\t\t\t\t\t\t\t\t\t\t<span class=\"ha-timeline-date ha-timeline-date-desktop\">\n\t\t\t\t\t\t\t\t\t<span class=\"date\">2012<\/span>\t\t\t\t\t\t\t\t<\/span>\n\t\t\t\t\t\t\t\t\t\t\t\t\t<\/div>\n\t\t\t\t\t\t<div class=\"ha-timeline-tree\">\n\t\t\t\t\t\t\t\t\t\t\t\t\t\t<div class=\"ha-timeline-tree-inner\"><\/div>\n\t\t\t\t\t\t\t\t\t\t\t\t\t<\/div>\n\t\t\t\t\t<\/div>\n\t\t\t\t\t<div class=\"ha-timeline-content arrow\"\">\n\t\t\t\t\t\t\t\t\t\t\t<span class=\"ha-timeline-date ha-timeline-date-tablet\">\n\t\t\t\t\t\t\t<span class=\"date\">2012<\/span>\t\t\t\t\t\t<\/span>\n\t\t\t\t\t\t\t\t\t\t\t\t\t\t\t<div class=\"ha-timeline-content-text\"><p>Projet en d\u00e9veloppement \u00e0 l\u2019incubateur de L\u2019AVRUL.<\/p><\/div>\t\t\t\t<\/div>\n\t\t\t\t<\/div>\n\t\t\t\t\t\t\t\t\t\t\t<div class=\"ha-timeline-block elementor-repeater-item-3e1d593\">\n\t\t\t\t\t<div class=\"ha-timeline-icon-box align-center\">\n\t\t\t\t\t\t<div class=\"ha-timeline-icon\">\n\t\t\t\t\t\t\t\t\t\t\t\t\t\t\t\t\t\t\t\t\t\t<span class=\"ha-timeline-date ha-timeline-date-desktop\">\n\t\t\t\t\t\t\t\t\t<span class=\"date\">2013<\/span>\t\t\t\t\t\t\t\t<\/span>\n\t\t\t\t\t\t\t\t\t\t\t\t\t<\/div>\n\t\t\t\t\t\t<div class=\"ha-timeline-tree\">\n\t\t\t\t\t\t\t\t\t\t\t\t\t\t<div class=\"ha-timeline-tree-inner\"><\/div>\n\t\t\t\t\t\t\t\t\t\t\t\t\t<\/div>\n\t\t\t\t\t<\/div>\n\t\t\t\t\t<div class=\"ha-timeline-content arrow ha-timeline-content arrow\"\">\n\t\t\t\t\t\t\t\t\t\t\t<span class=\"ha-timeline-date ha-timeline-date-tablet\">\n\t\t\t\t\t\t\t<span class=\"date\">2013<\/span>\t\t\t\t\t\t<\/span>\n\t\t\t\t\t\t\t\t\t\t\t\t\t\t\t<div class=\"ha-timeline-content-text\"><p>Cr\u00e9ation de l\u2019entreprise Revlim<\/p><\/div>\t\t\t\t<\/div>\n\t\t\t\t<\/div>\n\t\t\t\t\t\t\t\t\t\t\t<div class=\"ha-timeline-block elementor-repeater-item-0496556\">\n\t\t\t\t\t<div class=\"ha-timeline-icon-box align-center\">\n\t\t\t\t\t\t<div class=\"ha-timeline-icon\">\n\t\t\t\t\t\t\t\t\t\t\t\t\t\t\t\t\t\t\t\t\t\t<span class=\"ha-timeline-date ha-timeline-date-desktop\">\n\t\t\t\t\t\t\t\t\t<span class=\"date\">2015<\/span>\t\t\t\t\t\t\t\t<\/span>\n\t\t\t\t\t\t\t\t\t\t\t\t\t<\/div>\n\t\t\t\t\t\t<div class=\"ha-timeline-tree\">\n\t\t\t\t\t\t\t\t\t\t\t\t\t\t<div class=\"ha-timeline-tree-inner\"><\/div>\n\t\t\t\t\t\t\t\t\t\t\t\t\t<\/div>\n\t\t\t\t\t<\/div>\n\t\t\t\t\t<div class=\"ha-timeline-content arrow ha-timeline-content arrow ha-timeline-content arrow\"\">\n\t\t\t\t\t\t\t\t\t\t\t<span class=\"ha-timeline-date ha-timeline-date-tablet\">\n\t\t\t\t\t\t\t<span class=\"date\">2015<\/span>\t\t\t\t\t\t<\/span>\n\t\t\t\t\t\t\t\t\t\t\t\t\t\t\t<div class=\"ha-timeline-content-text\"><p>D\u00e9veloppement R&amp;D 4 prototypes.<\/p><\/div>\t\t\t\t<\/div>\n\t\t\t\t<\/div>\n\t\t\t\t\t\t\t\t\t\t\t<div class=\"ha-timeline-block elementor-repeater-item-8badc9f\">\n\t\t\t\t\t<div class=\"ha-timeline-icon-box align-center\">\n\t\t\t\t\t\t<div class=\"ha-timeline-icon\">\n\t\t\t\t\t\t\t\t\t\t\t\t\t\t\t\t\t\t\t\t\t\t<span class=\"ha-timeline-date ha-timeline-date-desktop\">\n\t\t\t\t\t\t\t\t\t<span class=\"date\">2017<\/span>\t\t\t\t\t\t\t\t<\/span>\n\t\t\t\t\t\t\t\t\t\t\t\t\t<\/div>\n\t\t\t\t\t\t<div class=\"ha-timeline-tree\">\n\t\t\t\t\t\t\t\t\t\t\t\t\t\t<div class=\"ha-timeline-tree-inner\"><\/div>\n\t\t\t\t\t\t\t\t\t\t\t\t\t<\/div>\n\t\t\t\t\t<\/div>\n\t\t\t\t\t<div class=\"ha-timeline-content arrow ha-timeline-content arrow ha-timeline-content arrow ha-timeline-content arrow\"\">\n\t\t\t\t\t\t\t\t\t\t\t<span class=\"ha-timeline-date ha-timeline-date-tablet\">\n\t\t\t\t\t\t\t<span class=\"date\">2017<\/span>\t\t\t\t\t\t<\/span>\n\t\t\t\t\t\t\t\t\t\t\t\t\t\t\t<div class=\"ha-timeline-content-text\"><p>Commercialisation des solutions Revlim.<\/p><\/div>\t\t\t\t<\/div>\n\t\t\t\t<\/div>\n\t\t\t\t\t\t\t\t\t\t\t<div class=\"ha-timeline-block elementor-repeater-item-b6603a5\">\n\t\t\t\t\t<div class=\"ha-timeline-icon-box align-center\">\n\t\t\t\t\t\t<div class=\"ha-timeline-icon\">\n\t\t\t\t\t\t\t\t\t\t\t\t\t\t\t\t\t\t\t\t\t\t<span class=\"ha-timeline-date ha-timeline-date-desktop\">\n\t\t\t\t\t\t\t\t\t<span class=\"date\">2019<\/span>\t\t\t\t\t\t\t\t<\/span>\n\t\t\t\t\t\t\t\t\t\t\t\t\t<\/div>\n\t\t\t\t\t\t<div class=\"ha-timeline-tree\">\n\t\t\t\t\t\t\t\t\t\t\t\t\t\t<div class=\"ha-timeline-tree-inner\"><\/div>\n\t\t\t\t\t\t\t\t\t\t\t\t\t<\/div>\n\t\t\t\t\t<\/div>\n\t\t\t\t\t<div class=\"ha-timeline-content arrow ha-timeline-content arrow ha-timeline-content arrow ha-timeline-content arrow ha-timeline-content arrow\"\">\n\t\t\t\t\t\t\t\t\t\t\t<span class=\"ha-timeline-date ha-timeline-date-tablet\">\n\t\t\t\t\t\t\t<span class=\"date\">2019<\/span>\t\t\t\t\t\t<\/span>\n\t\t\t\t\t\t\t\t\t\t\t\t\t\t\t<div class=\"ha-timeline-content-text\"><p class=\"p1\">Premier partenariat avec le secteur sanitaire.<\/p><\/div>\t\t\t\t<\/div>\n\t\t\t\t<\/div>\n\t\t\t\t\t\t\t\t\t\t\t<div class=\"ha-timeline-block elementor-repeater-item-d3214a1\">\n\t\t\t\t\t<div class=\"ha-timeline-icon-box align-center\">\n\t\t\t\t\t\t<div class=\"ha-timeline-icon\">\n\t\t\t\t\t\t\t\t\t\t\t\t\t\t\t\t\t\t\t\t\t\t<span class=\"ha-timeline-date ha-timeline-date-desktop\">\n\t\t\t\t\t\t\t\t\t<span class=\"date\">2022<\/span>\t\t\t\t\t\t\t\t<\/span>\n\t\t\t\t\t\t\t\t\t\t\t\t\t<\/div>\n\t\t\t\t\t\t<div class=\"ha-timeline-tree\">\n\t\t\t\t\t\t\t\t\t\t\t\t\t\t<div class=\"ha-timeline-tree-inner\"><\/div>\n\t\t\t\t\t\t\t\t\t\t\t\t\t<\/div>\n\t\t\t\t\t<\/div>\n\t\t\t\t\t<div class=\"ha-timeline-content arrow ha-timeline-content arrow ha-timeline-content arrow ha-timeline-content arrow ha-timeline-content arrow ha-timeline-content arrow\"\">\n\t\t\t\t\t\t\t\t\t\t\t<span class=\"ha-timeline-date ha-timeline-date-tablet\">\n\t\t\t\t\t\t\t<span class=\"date\">2022<\/span>\t\t\t\t\t\t<\/span>\n\t\t\t\t\t\t\t\t\t\t\t\t\t\t\t<div class=\"ha-timeline-content-text\"><p class=\"p1\">Validation des bienfaits neuro-cardiovasculaires de l\u2019activit\u00e9 v\u00e9lo-cognitif avec un laboratoire de recherche universitaire.<\/p><\/div>\t\t\t\t<\/div>\n\t\t\t\t<\/div>\n\t\t\t\t\t\t\t\t\t\t\t<div class=\"ha-timeline-block elementor-repeater-item-23f5aeb\">\n\t\t\t\t\t<div class=\"ha-timeline-icon-box align-center\">\n\t\t\t\t\t\t<div class=\"ha-timeline-icon\">\n\t\t\t\t\t\t\t\t\t\t\t\t\t\t\t\t\t\t\t\t\t\t<span class=\"ha-timeline-date ha-timeline-date-desktop\">\n\t\t\t\t\t\t\t\t\t<span class=\"date\">2024<\/span>\t\t\t\t\t\t\t\t<\/span>\n\t\t\t\t\t\t\t\t\t\t\t\t\t<\/div>\n\t\t\t\t\t\t<div class=\"ha-timeline-tree\">\n\t\t\t\t\t\t\t\t\t\t\t\t\t\t<div class=\"ha-timeline-tree-inner\"><\/div>\n\t\t\t\t\t\t\t\t\t\t\t\t\t<\/div>\n\t\t\t\t\t<\/div>\n\t\t\t\t\t<div class=\"ha-timeline-content arrow ha-timeline-content arrow ha-timeline-content arrow ha-timeline-content arrow ha-timeline-content arrow ha-timeline-content arrow ha-timeline-content arrow\"\">\n\t\t\t\t\t\t\t\t\t\t\t<span class=\"ha-timeline-date ha-timeline-date-tablet\">\n\t\t\t\t\t\t\t<span class=\"date\">2024<\/span>\t\t\t\t\t\t<\/span>\n\t\t\t\t\t\t\t\t\t\t\t\t\t\t\t<div class=\"ha-timeline-content-text\"><p class=\"p1\">Am\u00e9lioration des bilans physico-cognitifs individuels pour un meilleur suivi en pr\u00e9vention et un rep\u00e9rage plus pr\u00e9coce des fragilit\u00e9s.<\/p><\/div>\t\t\t\t<\/div>\n\t\t\t\t<\/div>\n\t\t\t\t\t<\/div>\n\t\t\t\t\t\t<\/div>\n\t\t\t\t<\/div>\n\t\t\t\t<div class=\"elementor-element elementor-element-b2c2620 elementor-hidden-desktop elementor-widget elementor-widget-spacer\" data-id=\"b2c2620\" data-element_type=\"widget\" data-e-type=\"widget\" data-widget_type=\"spacer.default\">\n\t\t\t\t<div class=\"elementor-widget-container\">\n\t\t\t\t\t\t\t<div class=\"elementor-spacer\">\n\t\t\t<div class=\"elementor-spacer-inner\"><\/div>\n\t\t<\/div>\n\t\t\t\t\t\t<\/div>\n\t\t\t\t<\/div>\n\t\t\t\t\t<\/div>\n\t\t<\/div>\n\t\t\t\t\t<\/div>\n\t\t<\/section>\n\t\t\t\t<\/div>\n\t\t","protected":false},"excerpt":{"rendered":"<p>Qui sommes-nous ? Implant\u00e9e \u00e0 Limoges, notre entreprise est n\u00e9e des avanc\u00e9es de laboratoires de recherche en physiologie et cognition. Pionniers dans le domaine de la pr\u00e9vention du d\u00e9clin cognitif, nous avons mis au point des solutions innovantes, alliant activit\u00e9 physique et stimulation cognitive. Notre mission est de promouvoir le mieux vieillir en offrant des [&hellip;]<\/p>\n","protected":false},"author":1,"featured_media":0,"parent":0,"menu_order":0,"comment_status":"closed","ping_status":"closed","template":"","meta":{"_seopress_robots_primary_cat":"","_seopress_titles_title":"","_seopress_titles_desc":"","_seopress_robots_index":"","footnotes":""},"class_list":["post-19","page","type-page","status-publish","hentry"],"_links":{"self":[{"href":"https:\/\/revlim.fr\/index.php?rest_route=\/wp\/v2\/pages\/19","targetHints":{"allow":["GET"]}}],"collection":[{"href":"https:\/\/revlim.fr\/index.php?rest_route=\/wp\/v2\/pages"}],"about":[{"href":"https:\/\/revlim.fr\/index.php?rest_route=\/wp\/v2\/types\/page"}],"author":[{"embeddable":true,"href":"https:\/\/revlim.fr\/index.php?rest_route=\/wp\/v2\/users\/1"}],"replies":[{"embeddable":true,"href":"https:\/\/revlim.fr\/index.php?rest_route=%2Fwp%2Fv2%2Fcomments&post=19"}],"version-history":[{"count":187,"href":"https:\/\/revlim.fr\/index.php?rest_route=\/wp\/v2\/pages\/19\/revisions"}],"predecessor-version":[{"id":3537,"href":"https:\/\/revlim.fr\/index.php?rest_route=\/wp\/v2\/pages\/19\/revisions\/3537"}],"wp:attachment":[{"href":"https:\/\/revlim.fr\/index.php?rest_route=%2Fwp%2Fv2%2Fmedia&parent=19"}],"curies":[{"name":"wp","href":"https:\/\/api.w.org\/{rel}","templated":true}]}}